{"id":105,"date":"2020-10-07T16:09:29","date_gmt":"2020-10-07T19:09:29","guid":{"rendered":"http:\/\/hotelelcasco.com.ar\/webprodu\/?page_id=105"},"modified":"2025-11-25T15:55:07","modified_gmt":"2025-11-25T18:55:07","slug":"inicio","status":"publish","type":"page","link":"https:\/\/hotelelcasco.com.ar\/web\/","title":{"rendered":"Inicio"},"content":{"rendered":"\t\t<div data-elementor-type=\"wp-page\" data-elementor-id=\"105\" class=\"elementor elementor-105\" data-elementor-post-type=\"page\">\n\t\t\t\t<div class=\"elementor-element elementor-element-27e8c8f e-con-full e-flex e-con e-parent\" data-id=\"27e8c8f\" data-element_type=\"container\" data-settings=\"{&quot;background_background&quot;:&quot;classic&quot;}\">\n\t\t\t\t<div class=\"elementor-element elementor-element-02ae278 elementor-align-center elementor-widget elementor-widget-button\" data-id=\"02ae278\" data-element_type=\"widget\" data-widget_type=\"button.default\">\n\t\t\t\t<div class=\"elementor-widget-container\">\n\t\t\t\t\t\t\t\t\t<div class=\"elementor-button-wrapper\">\n\t\t\t\t\t<a class=\"elementor-button elementor-button-link elementor-size-sm\" href=\"https:\/\/booking.roomcloud.net\/be\/se2\/hotel.jsp?hotel=13195\" target=\"_blank\">\n\t\t\t\t\t\t<span class=\"elementor-button-content-wrapper\">\n\t\t\t\t\t\t\t\t\t<span class=\"elementor-button-text\">reservar<\/span>\n\t\t\t\t\t<\/span>\n\t\t\t\t\t<\/a>\n\t\t\t\t<\/div>\n\t\t\t\t\t\t\t\t<\/div>\n\t\t\t\t<\/div>\n\t\t<div class=\"elementor-element elementor-element-2b1eccd e-flex e-con-boxed e-con e-child\" data-id=\"2b1eccd\" data-element_type=\"container\">\n\t\t\t\t\t<div class=\"e-con-inner\">\n\t\t\t\t<div class=\"elementor-element elementor-element-3de267b elementor-widget elementor-widget-jet-listing-grid\" data-id=\"3de267b\" data-element_type=\"widget\" data-settings=\"{&quot;columns&quot;:3,&quot;columns_mobile&quot;:&quot;1&quot;}\" data-widget_type=\"jet-listing-grid.default\">\n\t\t\t\t<div class=\"elementor-widget-container\">\n\t\t\t\t\t<div class=\"jet-listing-grid jet-listing\"><div class=\"jet-listing-grid__items grid-col-desk-3 grid-col-tablet-3 grid-col-mobile-1 jet-listing-grid--3410 jet-equal-columns__wrapper\" data-queried-id=\"105|WP_Post\" data-nav=\"{&quot;enabled&quot;:false,&quot;type&quot;:null,&quot;more_el&quot;:null,&quot;query&quot;:[],&quot;widget_settings&quot;:{&quot;lisitng_id&quot;:3410,&quot;posts_num&quot;:3,&quot;columns&quot;:3,&quot;columns_tablet&quot;:3,&quot;columns_mobile&quot;:1,&quot;column_min_width&quot;:240,&quot;column_min_width_tablet&quot;:240,&quot;column_min_width_mobile&quot;:240,&quot;inline_columns_css&quot;:false,&quot;is_archive_template&quot;:&quot;&quot;,&quot;post_status&quot;:[&quot;publish&quot;],&quot;use_random_posts_num&quot;:&quot;&quot;,&quot;max_posts_num&quot;:9,&quot;not_found_message&quot;:&quot;No data was found&quot;,&quot;is_masonry&quot;:false,&quot;equal_columns_height&quot;:&quot;yes&quot;,&quot;use_load_more&quot;:&quot;&quot;,&quot;load_more_id&quot;:&quot;&quot;,&quot;load_more_type&quot;:&quot;click&quot;,&quot;load_more_offset&quot;:{&quot;unit&quot;:&quot;px&quot;,&quot;size&quot;:0,&quot;sizes&quot;:[]},&quot;use_custom_post_types&quot;:&quot;&quot;,&quot;custom_post_types&quot;:[],&quot;hide_widget_if&quot;:&quot;&quot;,&quot;carousel_enabled&quot;:&quot;&quot;,&quot;slides_to_scroll&quot;:&quot;1&quot;,&quot;arrows&quot;:&quot;true&quot;,&quot;arrow_icon&quot;:&quot;fa fa-angle-left&quot;,&quot;dots&quot;:&quot;&quot;,&quot;autoplay&quot;:&quot;true&quot;,&quot;pause_on_hover&quot;:&quot;true&quot;,&quot;autoplay_speed&quot;:5000,&quot;infinite&quot;:&quot;true&quot;,&quot;center_mode&quot;:&quot;&quot;,&quot;effect&quot;:&quot;slide&quot;,&quot;speed&quot;:500,&quot;inject_alternative_items&quot;:&quot;&quot;,&quot;injection_items&quot;:[],&quot;scroll_slider_enabled&quot;:&quot;&quot;,&quot;scroll_slider_on&quot;:[&quot;desktop&quot;,&quot;tablet&quot;,&quot;mobile&quot;],&quot;custom_query&quot;:false,&quot;custom_query_id&quot;:&quot;&quot;,&quot;_element_id&quot;:&quot;&quot;,&quot;collapse_first_last_gap&quot;:false,&quot;list_tag_selection&quot;:&quot;&quot;,&quot;list_items_wrapper_tag&quot;:&quot;div&quot;,&quot;list_item_tag&quot;:&quot;div&quot;,&quot;empty_items_wrapper_tag&quot;:&quot;div&quot;}}\" data-page=\"1\" data-pages=\"1\" data-listing-source=\"posts\" data-listing-id=\"3410\" data-query-id=\"\"><div class=\"jet-listing-grid__item jet-listing-dynamic-post-3409 jet-equal-columns\" data-post-id=\"3409\"  >\t\t<div data-elementor-type=\"jet-listing-items\" data-elementor-id=\"3410\" class=\"elementor elementor-3410\" data-elementor-post-type=\"jet-engine\">\n\t\t\t\t<div class=\"elementor-element elementor-element-49f6029 e-con-full e-flex e-con e-parent\" data-id=\"49f6029\" data-element_type=\"container\" data-settings=\"{&quot;background_background&quot;:&quot;classic&quot;}\">\n\t\t\t\t<div class=\"elementor-element elementor-element-18c4c31 elementor-widget-mobile__width-inherit elementor-widget elementor-widget-image\" data-id=\"18c4c31\" data-element_type=\"widget\" data-widget_type=\"image.default\">\n\t\t\t\t<div class=\"elementor-widget-container\">\n\t\t\t\t\t\t\t\t\t\t\t\t\t\t\t<img fetchpriority=\"high\" decoding=\"async\" width=\"900\" height=\"513\" src=\"https:\/\/hotelelcasco.com.ar\/web\/wp-content\/uploads\/2025\/06\/casco_4_m.jpg\" class=\"attachment-full size-full wp-image-4081\" alt=\"\" srcset=\"https:\/\/hotelelcasco.com.ar\/web\/wp-content\/uploads\/2025\/06\/casco_4_m.jpg 900w, https:\/\/hotelelcasco.com.ar\/web\/wp-content\/uploads\/2025\/06\/casco_4_m-300x171.jpg 300w, https:\/\/hotelelcasco.com.ar\/web\/wp-content\/uploads\/2025\/06\/casco_4_m-150x86.jpg 150w, https:\/\/hotelelcasco.com.ar\/web\/wp-content\/uploads\/2025\/06\/casco_4_m-768x438.jpg 768w\" sizes=\"(max-width: 900px) 100vw, 900px\" \/>\t\t\t\t\t\t\t\t\t\t\t\t\t\t\t<\/div>\n\t\t\t\t<\/div>\n\t\t\t\t<div class=\"elementor-element elementor-element-3bd1826 elementor-widget elementor-widget-heading\" data-id=\"3bd1826\" data-element_type=\"widget\" data-widget_type=\"heading.default\">\n\t\t\t\t<div class=\"elementor-widget-container\">\n\t\t\t\t\t<h2 class=\"elementor-heading-title elementor-size-default\">Habitaciones<\/h2>\t\t\t\t<\/div>\n\t\t\t\t<\/div>\n\t\t\t\t<div class=\"elementor-element elementor-element-8907398 elementor-widget elementor-widget-text-editor\" data-id=\"8907398\" data-element_type=\"widget\" data-widget_type=\"text-editor.default\">\n\t\t\t\t<div class=\"elementor-widget-container\">\n\t\t\t\t\t\t\t\t\tNuestras habitaciones var\u00edan en tama\u00f1o, siendo la m\u00e1s peque\u00f1a de 45 m2 y la m\u00e1s grande de 120 m2, garantizando un espacio c\u00f3modo para cada hu\u00e9sped.\t\t\t\t\t\t\t\t<\/div>\n\t\t\t\t<\/div>\n\t\t\t\t<\/div>\n\t\t\t\t<\/div>\n\t\t<\/div><div class=\"jet-listing-grid__item jet-listing-dynamic-post-3436 jet-equal-columns\" data-post-id=\"3436\"  >\t\t<div data-elementor-type=\"jet-listing-items\" data-elementor-id=\"3410\" class=\"elementor elementor-3410\" data-elementor-post-type=\"jet-engine\">\n\t\t\t\t<div class=\"elementor-element elementor-element-49f6029 e-con-full e-flex e-con e-parent\" data-id=\"49f6029\" data-element_type=\"container\" data-settings=\"{&quot;background_background&quot;:&quot;classic&quot;}\">\n\t\t\t\t<div class=\"elementor-element elementor-element-18c4c31 elementor-widget-mobile__width-inherit elementor-widget elementor-widget-image\" data-id=\"18c4c31\" data-element_type=\"widget\" data-widget_type=\"image.default\">\n\t\t\t\t<div class=\"elementor-widget-container\">\n\t\t\t\t\t\t\t\t\t\t\t\t\t\t\t<img decoding=\"async\" width=\"900\" height=\"513\" src=\"https:\/\/hotelelcasco.com.ar\/web\/wp-content\/uploads\/2025\/06\/casco_2.jpg\" class=\"attachment-full size-full wp-image-4080\" alt=\"\" srcset=\"https:\/\/hotelelcasco.com.ar\/web\/wp-content\/uploads\/2025\/06\/casco_2.jpg 900w, https:\/\/hotelelcasco.com.ar\/web\/wp-content\/uploads\/2025\/06\/casco_2-300x171.jpg 300w, https:\/\/hotelelcasco.com.ar\/web\/wp-content\/uploads\/2025\/06\/casco_2-150x86.jpg 150w, https:\/\/hotelelcasco.com.ar\/web\/wp-content\/uploads\/2025\/06\/casco_2-768x438.jpg 768w\" sizes=\"(max-width: 900px) 100vw, 900px\" \/>\t\t\t\t\t\t\t\t\t\t\t\t\t\t\t<\/div>\n\t\t\t\t<\/div>\n\t\t\t\t<div class=\"elementor-element elementor-element-3bd1826 elementor-widget elementor-widget-heading\" data-id=\"3bd1826\" data-element_type=\"widget\" data-widget_type=\"heading.default\">\n\t\t\t\t<div class=\"elementor-widget-container\">\n\t\t\t\t\t<h2 class=\"elementor-heading-title elementor-size-default\">Gastronom\u00eda<\/h2>\t\t\t\t<\/div>\n\t\t\t\t<\/div>\n\t\t\t\t<div class=\"elementor-element elementor-element-8907398 elementor-widget elementor-widget-text-editor\" data-id=\"8907398\" data-element_type=\"widget\" data-widget_type=\"text-editor.default\">\n\t\t\t\t<div class=\"elementor-widget-container\">\n\t\t\t\t\t\t\t\t\tLa carta del restaurante \u201cEl Casco\u201d se renueva constantemente, utilizando los ingredientes frescos y regionales de cada estaci\u00f3n.\t\t\t\t\t\t\t\t<\/div>\n\t\t\t\t<\/div>\n\t\t\t\t<\/div>\n\t\t\t\t<\/div>\n\t\t<\/div><div class=\"jet-listing-grid__item jet-listing-dynamic-post-3437 jet-equal-columns\" data-post-id=\"3437\"  >\t\t<div data-elementor-type=\"jet-listing-items\" data-elementor-id=\"3410\" class=\"elementor elementor-3410\" data-elementor-post-type=\"jet-engine\">\n\t\t\t\t<div class=\"elementor-element elementor-element-49f6029 e-con-full e-flex e-con e-parent\" data-id=\"49f6029\" data-element_type=\"container\" data-settings=\"{&quot;background_background&quot;:&quot;classic&quot;}\">\n\t\t\t\t<div class=\"elementor-element elementor-element-18c4c31 elementor-widget-mobile__width-inherit elementor-widget elementor-widget-image\" data-id=\"18c4c31\" data-element_type=\"widget\" data-widget_type=\"image.default\">\n\t\t\t\t<div class=\"elementor-widget-container\">\n\t\t\t\t\t\t\t\t\t\t\t\t\t\t\t<img decoding=\"async\" width=\"900\" height=\"513\" src=\"https:\/\/hotelelcasco.com.ar\/web\/wp-content\/uploads\/2025\/06\/casco_1.jpg\" class=\"attachment-full size-full wp-image-4082\" alt=\"\" srcset=\"https:\/\/hotelelcasco.com.ar\/web\/wp-content\/uploads\/2025\/06\/casco_1.jpg 900w, https:\/\/hotelelcasco.com.ar\/web\/wp-content\/uploads\/2025\/06\/casco_1-300x171.jpg 300w, https:\/\/hotelelcasco.com.ar\/web\/wp-content\/uploads\/2025\/06\/casco_1-150x86.jpg 150w, https:\/\/hotelelcasco.com.ar\/web\/wp-content\/uploads\/2025\/06\/casco_1-768x438.jpg 768w\" sizes=\"(max-width: 900px) 100vw, 900px\" \/>\t\t\t\t\t\t\t\t\t\t\t\t\t\t\t<\/div>\n\t\t\t\t<\/div>\n\t\t\t\t<div class=\"elementor-element elementor-element-3bd1826 elementor-widget elementor-widget-heading\" data-id=\"3bd1826\" data-element_type=\"widget\" data-widget_type=\"heading.default\">\n\t\t\t\t<div class=\"elementor-widget-container\">\n\t\t\t\t\t<h2 class=\"elementor-heading-title elementor-size-default\">Spa<\/h2>\t\t\t\t<\/div>\n\t\t\t\t<\/div>\n\t\t\t\t<div class=\"elementor-element elementor-element-8907398 elementor-widget elementor-widget-text-editor\" data-id=\"8907398\" data-element_type=\"widget\" data-widget_type=\"text-editor.default\">\n\t\t\t\t<div class=\"elementor-widget-container\">\n\t\t\t\t\t\t\t\t\tEl acogedor ambiente de nuestro Health Club Spa con una maravillosa vista y deck hacia el Lago invita a relajarse en todo momento.\t\t\t\t\t\t\t\t<\/div>\n\t\t\t\t<\/div>\n\t\t\t\t<\/div>\n\t\t\t\t<\/div>\n\t\t<\/div><\/div><\/div>\t\t\t\t<\/div>\n\t\t\t\t<\/div>\n\t\t\t\t\t<\/div>\n\t\t\t\t<\/div>\n\t\t\t\t<\/div>\n\t\t<div class=\"elementor-element elementor-element-b3a65a9 e-flex e-con-boxed e-con e-parent\" data-id=\"b3a65a9\" data-element_type=\"container\" data-settings=\"{&quot;background_background&quot;:&quot;classic&quot;}\">\n\t\t\t\t\t<div class=\"e-con-inner\">\n\t\t\t\t<div class=\"elementor-element elementor-element-4b3bd25 elementor-widget elementor-widget-image\" data-id=\"4b3bd25\" data-element_type=\"widget\" data-widget_type=\"image.default\">\n\t\t\t\t<div class=\"elementor-widget-container\">\n\t\t\t\t\t\t\t\t\t\t\t\t\t\t\t<img loading=\"lazy\" decoding=\"async\" width=\"512\" height=\"488\" src=\"https:\/\/hotelelcasco.com.ar\/web\/wp-content\/uploads\/2025\/06\/logo-hotel-letras-negras.png\" class=\"attachment-large size-large wp-image-3466\" alt=\"\" srcset=\"https:\/\/hotelelcasco.com.ar\/web\/wp-content\/uploads\/2025\/06\/logo-hotel-letras-negras.png 512w, https:\/\/hotelelcasco.com.ar\/web\/wp-content\/uploads\/2025\/06\/logo-hotel-letras-negras-300x286.png 300w, https:\/\/hotelelcasco.com.ar\/web\/wp-content\/uploads\/2025\/06\/logo-hotel-letras-negras-150x143.png 150w\" sizes=\"(max-width: 512px) 100vw, 512px\" \/>\t\t\t\t\t\t\t\t\t\t\t\t\t\t\t<\/div>\n\t\t\t\t<\/div>\n\t\t\t\t<div class=\"elementor-element elementor-element-9575850 elementor-widget elementor-widget-text-editor\" data-id=\"9575850\" data-element_type=\"widget\" data-widget_type=\"text-editor.default\">\n\t\t\t\t<div class=\"elementor-widget-container\">\n\t\t\t\t\t\t\t\t\t<p>Situado a orillas del Lago Nahuel Huapi y a solo 15 minutos de San Carlos de Bariloche y del centro de ski Cerro Catedral, es una joya arquitect\u00f3nica que fusiona <strong>arte y naturaleza.<\/strong><\/p>\t\t\t\t\t\t\t\t<\/div>\n\t\t\t\t<\/div>\n\t\t\t\t\t<\/div>\n\t\t\t\t<\/div>\n\t\t<div class=\"elementor-element elementor-element-f21aa6b e-con-full e-flex e-con e-parent\" data-id=\"f21aa6b\" data-element_type=\"container\" data-settings=\"{&quot;background_background&quot;:&quot;classic&quot;}\">\n\t\t\t\t<div class=\"elementor-element elementor-element-34e9b28 elementor-widget__width-inherit elementor-widget elementor-widget-video\" data-id=\"34e9b28\" data-element_type=\"widget\" data-settings=\"{&quot;video_type&quot;:&quot;hosted&quot;,&quot;controls&quot;:&quot;yes&quot;}\" data-widget_type=\"video.default\">\n\t\t\t\t<div class=\"elementor-widget-container\">\n\t\t\t\t\t\t\t<div class=\"e-hosted-video elementor-wrapper elementor-open-inline\">\n\t\t\t\t\t<video class=\"elementor-video\" src=\"https:\/\/www.hotelelcasco.com.ar\/web\/wp-content\/uploads\/2025\/06\/08122024-El-Casco-V3-color.mp4\" controls=\"\" preload=\"auto\" controlsList=\"nodownload\"><\/video>\n\t\t\t\t<\/div>\n\t\t\t\t\t\t<\/div>\n\t\t\t\t<\/div>\n\t\t\t\t<\/div>\n\t\t<div class=\"elementor-element elementor-element-e4bba23 e-con-full elementor-hidden-mobile e-flex e-con e-parent\" data-id=\"e4bba23\" data-element_type=\"container\">\n\t\t\t\t<div class=\"elementor-element elementor-element-581e3d8 elementor-widget elementor-widget-gallery\" data-id=\"581e3d8\" data-element_type=\"widget\" data-settings=\"{&quot;gap&quot;:{&quot;unit&quot;:&quot;px&quot;,&quot;size&quot;:0,&quot;sizes&quot;:[]},&quot;gap_tablet&quot;:{&quot;unit&quot;:&quot;px&quot;,&quot;size&quot;:0,&quot;sizes&quot;:[]},&quot;gap_mobile&quot;:{&quot;unit&quot;:&quot;px&quot;,&quot;size&quot;:0,&quot;sizes&quot;:[]},&quot;aspect_ratio&quot;:&quot;1:1&quot;,&quot;columns_mobile&quot;:2,&quot;gallery_layout&quot;:&quot;grid&quot;,&quot;columns&quot;:4,&quot;columns_tablet&quot;:2,&quot;link_to&quot;:&quot;file&quot;,&quot;overlay_background&quot;:&quot;yes&quot;,&quot;content_hover_animation&quot;:&quot;fade-in&quot;}\" data-widget_type=\"gallery.default\">\n\t\t\t\t<div class=\"elementor-widget-container\">\n\t\t\t\t\t\t\t<div class=\"elementor-gallery__container\">\n\t\t\t\t\t\t\t<a class=\"e-gallery-item elementor-gallery-item elementor-animated-content\" href=\"https:\/\/hotelelcasco.com.ar\/web\/wp-content\/uploads\/2025\/11\/casco_7-scaled.jpg\" data-elementor-open-lightbox=\"yes\" data-elementor-lightbox-slideshow=\"581e3d8\" data-elementor-lightbox-title=\"Hotel El Casco\" data-e-action-hash=\"#elementor-action%3Aaction%3Dlightbox%26settings%3DeyJpZCI6NDA2MCwidXJsIjoiaHR0cHM6XC9cL2hvdGVsZWxjYXNjby5jb20uYXJcL3dlYlwvd3AtY29udGVudFwvdXBsb2Fkc1wvMjAyNVwvMTFcL2Nhc2NvXzctc2NhbGVkLmpwZyIsInNsaWRlc2hvdyI6IjU4MWUzZDgifQ%3D%3D\">\n\t\t\t\t\t<div class=\"e-gallery-image elementor-gallery-item__image\" data-thumbnail=\"https:\/\/hotelelcasco.com.ar\/web\/wp-content\/uploads\/2025\/11\/casco_7-scaled.jpg\" data-width=\"1573\" data-height=\"2560\" aria-label=\"\" role=\"img\" ><\/div>\n\t\t\t\t\t\t\t\t\t\t\t<div class=\"elementor-gallery-item__overlay\"><\/div>\n\t\t\t\t\t\t\t\t\t\t\t\t\t\t<\/a>\n\t\t\t\t\t\t\t<a class=\"e-gallery-item elementor-gallery-item elementor-animated-content\" href=\"https:\/\/hotelelcasco.com.ar\/web\/wp-content\/uploads\/2025\/11\/casco_6-1-scaled.jpg\" data-elementor-open-lightbox=\"yes\" data-elementor-lightbox-slideshow=\"581e3d8\" data-elementor-lightbox-title=\"Hotel El Casco\" data-e-action-hash=\"#elementor-action%3Aaction%3Dlightbox%26settings%3DeyJpZCI6NDA3MCwidXJsIjoiaHR0cHM6XC9cL2hvdGVsZWxjYXNjby5jb20uYXJcL3dlYlwvd3AtY29udGVudFwvdXBsb2Fkc1wvMjAyNVwvMTFcL2Nhc2NvXzYtMS1zY2FsZWQuanBnIiwic2xpZGVzaG93IjoiNTgxZTNkOCJ9\">\n\t\t\t\t\t<div class=\"e-gallery-image elementor-gallery-item__image\" data-thumbnail=\"https:\/\/hotelelcasco.com.ar\/web\/wp-content\/uploads\/2025\/11\/casco_6-1-scaled.jpg\" data-width=\"1573\" data-height=\"2560\" aria-label=\"\" role=\"img\" ><\/div>\n\t\t\t\t\t\t\t\t\t\t\t<div class=\"elementor-gallery-item__overlay\"><\/div>\n\t\t\t\t\t\t\t\t\t\t\t\t\t\t<\/a>\n\t\t\t\t\t\t\t<a class=\"e-gallery-item elementor-gallery-item elementor-animated-content\" href=\"https:\/\/hotelelcasco.com.ar\/web\/wp-content\/uploads\/2025\/11\/casco_5-scaled.jpg\" data-elementor-open-lightbox=\"yes\" data-elementor-lightbox-slideshow=\"581e3d8\" data-elementor-lightbox-title=\"Hotel El Casco\" data-e-action-hash=\"#elementor-action%3Aaction%3Dlightbox%26settings%3DeyJpZCI6NDA1OCwidXJsIjoiaHR0cHM6XC9cL2hvdGVsZWxjYXNjby5jb20uYXJcL3dlYlwvd3AtY29udGVudFwvdXBsb2Fkc1wvMjAyNVwvMTFcL2Nhc2NvXzUtc2NhbGVkLmpwZyIsInNsaWRlc2hvdyI6IjU4MWUzZDgifQ%3D%3D\">\n\t\t\t\t\t<div class=\"e-gallery-image elementor-gallery-item__image\" data-thumbnail=\"https:\/\/hotelelcasco.com.ar\/web\/wp-content\/uploads\/2025\/11\/casco_5-scaled.jpg\" data-width=\"1573\" data-height=\"2560\" aria-label=\"\" role=\"img\" ><\/div>\n\t\t\t\t\t\t\t\t\t\t\t<div class=\"elementor-gallery-item__overlay\"><\/div>\n\t\t\t\t\t\t\t\t\t\t\t\t\t\t<\/a>\n\t\t\t\t\t\t\t<a class=\"e-gallery-item elementor-gallery-item elementor-animated-content\" href=\"https:\/\/hotelelcasco.com.ar\/web\/wp-content\/uploads\/2025\/11\/casco_3-scaled.jpg\" data-elementor-open-lightbox=\"yes\" data-elementor-lightbox-slideshow=\"581e3d8\" data-elementor-lightbox-title=\"Hotel El Casco\" data-e-action-hash=\"#elementor-action%3Aaction%3Dlightbox%26settings%3DeyJpZCI6NDA1NywidXJsIjoiaHR0cHM6XC9cL2hvdGVsZWxjYXNjby5jb20uYXJcL3dlYlwvd3AtY29udGVudFwvdXBsb2Fkc1wvMjAyNVwvMTFcL2Nhc2NvXzMtc2NhbGVkLmpwZyIsInNsaWRlc2hvdyI6IjU4MWUzZDgifQ%3D%3D\">\n\t\t\t\t\t<div class=\"e-gallery-image elementor-gallery-item__image\" data-thumbnail=\"https:\/\/hotelelcasco.com.ar\/web\/wp-content\/uploads\/2025\/11\/casco_3-scaled.jpg\" data-width=\"1573\" data-height=\"2560\" aria-label=\"\" role=\"img\" ><\/div>\n\t\t\t\t\t\t\t\t\t\t\t<div class=\"elementor-gallery-item__overlay\"><\/div>\n\t\t\t\t\t\t\t\t\t\t\t\t\t\t<\/a>\n\t\t\t\t\t<\/div>\n\t\t\t\t\t<\/div>\n\t\t\t\t<\/div>\n\t\t\t\t<\/div>\n\t\t<div class=\"elementor-element elementor-element-3242682 e-con-full elementor-hidden-desktop elementor-hidden-tablet e-flex e-con e-parent\" data-id=\"3242682\" data-element_type=\"container\" data-settings=\"{&quot;background_background&quot;:&quot;classic&quot;}\">\n\t\t\t\t<div class=\"elementor-element elementor-element-fbe4293 elementor-arrows-position-inside elementor-widget elementor-widget-image-carousel\" data-id=\"fbe4293\" data-element_type=\"widget\" data-settings=\"{&quot;slides_to_show_mobile&quot;:&quot;1&quot;,&quot;slides_to_scroll&quot;:&quot;1&quot;,&quot;navigation&quot;:&quot;arrows&quot;,&quot;autoplay&quot;:&quot;yes&quot;,&quot;pause_on_hover&quot;:&quot;yes&quot;,&quot;pause_on_interaction&quot;:&quot;yes&quot;,&quot;autoplay_speed&quot;:5000,&quot;infinite&quot;:&quot;yes&quot;,&quot;speed&quot;:500,&quot;image_spacing_custom&quot;:{&quot;unit&quot;:&quot;px&quot;,&quot;size&quot;:20,&quot;sizes&quot;:[]},&quot;image_spacing_custom_tablet&quot;:{&quot;unit&quot;:&quot;px&quot;,&quot;size&quot;:&quot;&quot;,&quot;sizes&quot;:[]}}\" data-widget_type=\"image-carousel.default\">\n\t\t\t\t<div class=\"elementor-widget-container\">\n\t\t\t\t\t\t\t<div class=\"elementor-image-carousel-wrapper swiper\" role=\"region\" aria-roledescription=\"carousel\" aria-label=\"Carrusel de im\u00e1genes\" dir=\"ltr\">\n\t\t\t<div class=\"elementor-image-carousel swiper-wrapper swiper-image-stretch\" aria-live=\"off\">\n\t\t\t\t\t\t\t\t<div class=\"swiper-slide\" role=\"group\" aria-roledescription=\"slide\" aria-label=\"1 of 4\"><figure class=\"swiper-slide-inner\"><img decoding=\"async\" class=\"swiper-slide-image\" src=\"https:\/\/hotelelcasco.com.ar\/web\/wp-content\/uploads\/2025\/11\/casco_7-scaled.jpg\" alt=\"Hotel El Casco\" \/><\/figure><\/div><div class=\"swiper-slide\" role=\"group\" aria-roledescription=\"slide\" aria-label=\"2 of 4\"><figure class=\"swiper-slide-inner\"><img decoding=\"async\" class=\"swiper-slide-image\" src=\"https:\/\/hotelelcasco.com.ar\/web\/wp-content\/uploads\/2025\/11\/casco_5-scaled.jpg\" alt=\"Hotel El Casco\" \/><\/figure><\/div><div class=\"swiper-slide\" role=\"group\" aria-roledescription=\"slide\" aria-label=\"3 of 4\"><figure class=\"swiper-slide-inner\"><img decoding=\"async\" class=\"swiper-slide-image\" src=\"https:\/\/hotelelcasco.com.ar\/web\/wp-content\/uploads\/2025\/11\/casco_3-scaled.jpg\" alt=\"Hotel El Casco\" \/><\/figure><\/div><div class=\"swiper-slide\" role=\"group\" aria-roledescription=\"slide\" aria-label=\"4 of 4\"><figure class=\"swiper-slide-inner\"><img decoding=\"async\" class=\"swiper-slide-image\" src=\"https:\/\/hotelelcasco.com.ar\/web\/wp-content\/uploads\/2025\/11\/casco_6-1-scaled.jpg\" alt=\"Hotel El Casco\" \/><\/figure><\/div>\t\t\t<\/div>\n\t\t\t\t\t\t\t\t\t\t\t\t<div class=\"elementor-swiper-button elementor-swiper-button-prev\" role=\"button\" tabindex=\"0\">\n\t\t\t\t\t\t<i aria-hidden=\"true\" class=\"eicon-chevron-left\"><\/i>\t\t\t\t\t<\/div>\n\t\t\t\t\t<div class=\"elementor-swiper-button elementor-swiper-button-next\" role=\"button\" tabindex=\"0\">\n\t\t\t\t\t\t<i aria-hidden=\"true\" class=\"eicon-chevron-right\"><\/i>\t\t\t\t\t<\/div>\n\t\t\t\t\n\t\t\t\t\t\t\t\t\t<\/div>\n\t\t\t\t\t\t<\/div>\n\t\t\t\t<\/div>\n\t\t\t\t<\/div>\n\t\t<div class=\"elementor-element elementor-element-b5e1dda e-flex e-con-boxed e-con e-parent\" data-id=\"b5e1dda\" data-element_type=\"container\" data-settings=\"{&quot;background_background&quot;:&quot;classic&quot;}\">\n\t\t\t\t\t<div class=\"e-con-inner\">\n\t\t\t\t<div class=\"elementor-element elementor-element-d5ff02c elementor-widget elementor-widget-text-editor\" data-id=\"d5ff02c\" data-element_type=\"widget\" data-widget_type=\"text-editor.default\">\n\t\t\t\t<div class=\"elementor-widget-container\">\n\t\t\t\t\t\t\t\t\t<p>Invitamos a nuestros hu\u00e9spedes a sumergirse en esta experiencia incomparable, donde pueden disfrutar de lujosas suites con vistas al lago y de espacios comunes que reflejan la rica herencia art\u00edstica del pa\u00eds.<\/p>\t\t\t\t\t\t\t\t<\/div>\n\t\t\t\t<\/div>\n\t\t\t\t\t<\/div>\n\t\t\t\t<\/div>\n\t\t<div class=\"elementor-element elementor-element-2af80a1 e-flex e-con-boxed e-con e-parent\" data-id=\"2af80a1\" data-element_type=\"container\" data-settings=\"{&quot;background_background&quot;:&quot;classic&quot;}\">\n\t\t\t\t\t<div class=\"e-con-inner\">\n\t\t\t\t<div class=\"elementor-element elementor-element-7dd106c elementor-widget elementor-widget-image\" data-id=\"7dd106c\" data-element_type=\"widget\" data-widget_type=\"image.default\">\n\t\t\t\t<div class=\"elementor-widget-container\">\n\t\t\t\t\t\t\t\t\t\t\t\t\t\t\t<img loading=\"lazy\" decoding=\"async\" width=\"19\" height=\"40\" src=\"https:\/\/hotelelcasco.com.ar\/web\/wp-content\/uploads\/2025\/06\/monje-zurbaran.svg\" class=\"attachment-large size-large wp-image-3534\" alt=\"\" \/>\t\t\t\t\t\t\t\t\t\t\t\t\t\t\t<\/div>\n\t\t\t\t<\/div>\n\t\t\t\t<div class=\"elementor-element elementor-element-b174aa0 elementor-widget elementor-widget-text-editor\" data-id=\"b174aa0\" data-element_type=\"widget\" data-widget_type=\"text-editor.default\">\n\t\t\t\t<div class=\"elementor-widget-container\">\n\t\t\t\t\t\t\t\t\t<p>OBRAS DE ARTE DE LA COLECCI\u00d3N<\/p>\t\t\t\t\t\t\t\t<\/div>\n\t\t\t\t<\/div>\n\t\t\t\t<div class=\"elementor-element elementor-element-19cd5fd elementor-widget elementor-widget-image\" data-id=\"19cd5fd\" data-element_type=\"widget\" data-widget_type=\"image.default\">\n\t\t\t\t<div class=\"elementor-widget-container\">\n\t\t\t\t\t\t\t\t\t\t\t\t\t\t\t<img loading=\"lazy\" decoding=\"async\" width=\"210\" height=\"30\" src=\"https:\/\/hotelelcasco.com.ar\/web\/wp-content\/uploads\/2025\/06\/zurbaran.svg\" class=\"attachment-large size-large wp-image-3538\" alt=\"\" \/>\t\t\t\t\t\t\t\t\t\t\t\t\t\t\t<\/div>\n\t\t\t\t<\/div>\n\t\t\t\t<div class=\"elementor-element elementor-element-a27453e elementor-widget elementor-widget-image\" data-id=\"a27453e\" data-element_type=\"widget\" data-widget_type=\"image.default\">\n\t\t\t\t<div class=\"elementor-widget-container\">\n\t\t\t\t\t\t\t\t\t\t\t\t\t\t\t\t<a href=\"https:\/\/www.instagram.com\/zurbaranarte\/\" target=\"_blank\">\n\t\t\t\t\t\t\t<img loading=\"lazy\" decoding=\"async\" width=\"14\" height=\"14\" src=\"https:\/\/hotelelcasco.com.ar\/web\/wp-content\/uploads\/2025\/06\/icono-instagram.svg\" class=\"attachment-large size-large wp-image-3549\" alt=\"\" \/>\t\t\t\t\t\t\t\t<\/a>\n\t\t\t\t\t\t\t\t\t\t\t\t\t\t\t<\/div>\n\t\t\t\t<\/div>\n\t\t\t\t\t<\/div>\n\t\t\t\t<\/div>\n\t\t\t\t<\/div>\n\t\t","protected":false},"excerpt":{"rendered":"<p>reservar Situado a orillas del Lago Nahuel Huapi y a solo 15 minutos de San Carlos de Bariloche y del centro de ski Cerro Catedral, es una joya arquitect\u00f3nica que fusiona arte y naturaleza. https:\/\/www.hotelelcasco.com.ar\/web\/wp-content\/uploads\/2025\/06\/08122024-El-Casco-V3-color.mp4 Invitamos a nuestros hu\u00e9spedes a sumergirse en esta experiencia incomparable, donde pueden disfrutar de lujosas suites con vistas al lago [&hellip;]<\/p>\n","protected":false},"author":1,"featured_media":0,"parent":0,"menu_order":0,"comment_status":"closed","ping_status":"closed","template":"elementor_header_footer","meta":{"footnotes":""},"class_list":["post-105","page","type-page","status-publish","hentry"],"_links":{"self":[{"href":"https:\/\/hotelelcasco.com.ar\/web\/wp-json\/wp\/v2\/pages\/105","targetHints":{"allow":["GET"]}}],"collection":[{"href":"https:\/\/hotelelcasco.com.ar\/web\/wp-json\/wp\/v2\/pages"}],"about":[{"href":"https:\/\/hotelelcasco.com.ar\/web\/wp-json\/wp\/v2\/types\/page"}],"author":[{"embeddable":true,"href":"https:\/\/hotelelcasco.com.ar\/web\/wp-json\/wp\/v2\/users\/1"}],"replies":[{"embeddable":true,"href":"https:\/\/hotelelcasco.com.ar\/web\/wp-json\/wp\/v2\/comments?post=105"}],"version-history":[{"count":273,"href":"https:\/\/hotelelcasco.com.ar\/web\/wp-json\/wp\/v2\/pages\/105\/revisions"}],"predecessor-version":[{"id":4154,"href":"https:\/\/hotelelcasco.com.ar\/web\/wp-json\/wp\/v2\/pages\/105\/revisions\/4154"}],"wp:attachment":[{"href":"https:\/\/hotelelcasco.com.ar\/web\/wp-json\/wp\/v2\/media?parent=105"}],"curies":[{"name":"wp","href":"https:\/\/api.w.org\/{rel}","templated":true}]}}